s of u?
2, 11
Let w(x) = x**2 - 8*x + 8. Suppose -6*t + 14 = -t - 4*p, 13 = 4*t - 5*p. Suppose -4*v + 29 = a, t*a = 4*v - 22 - 16. What are the prime factors of w(v)?
2
Suppose -5*z = -3*m + m, -z = 2*m - 24. What are the prime factors of m?
2, 5
Suppose -3 = c, 3*b = -2*c + 365 - 26. List the prime factors of b.
5, 23
Let p(u) = 3*u. Let n be p(1). Suppose n + 5 = h. Let d(c) = c**3 - 9*c**2 + 9*c + 1. List the prime factors of d(h).
3
Suppose -6*x + 2*x = -380. Suppose -26 = 3*w - x. List the prime factors of w.
23
Let t(b) = -3 + 1 - 3 + 2*b. Let q be t(4). Suppose -u - 4*x = q - 19, -u = x - 13. What are the prime factors of u?
2, 3
Suppose -5*a - 5 = 0, -3*o + 5*a + 114 - 4 = 0. What are the prime factors of o?
5, 7
Let k be 108 + 3 + -3 + 0. Suppose 0*d - k = -4*d. What are the prime factors of d?
3
Let u = -5 - -3. List the prime factors of u/(16/(-14))*16.
2, 7
List the prime factors of (-2)/(-4 + (-2490)/(-625)).
5
Let w = 156 - -39. Suppose 4*m + 51 = w. What are the prime factors of (8/6)/(4/m)?
2, 3
Let h = 8 + -4. Suppose 4*s + 4*l - 4 = 0, -4*s + l + 40 = -h*l. Let k = s + 0. What are the prime factors of k?
5
Suppose 0 = -l + 2*d + 8, 5*l + 4 = 2*d + 20. Suppose -l*x + 7*x = 65. Suppose 3*g - x = -w - 0*g, -w + 5*g = -13. List the prime factors of w.
13
Suppose -3*q - 22 = -q. Let k = q + 35. What are the prime factors of k?
2, 3
Let k be ((-134)/(-5))/((-3)/(-15)). Suppose -4*s + 0*s + k = -2*z, -2*s + 57 = z. What are the prime factors of s?
31
Let u be 3 + (-1 - (-2)/2). Suppose 0*l + 6 = l - 3*h, 4*h - 18 = -u*l. Let n(r) = -r**3 + 5*r**2 + 8*r - 9. What are the prime factors of n(l)?
3
Suppose -4*g = 12, 2*g - 3*g + 287 = 5*d. What are the prime factors of d?
2, 29
List the prime factors of 18/30*(1 - -284).
3, 19
Suppose 3*n = -5*m + 98, -n + 0*n + 42 = 4*m. List the prime factors of (n - -3) + -3 - -3.
29
Let x(g) = 9*g + 22. What are the prime factors of x(17)?
5, 7
Let v(n) = -35*n - 1. Let a be v(1). Let z = 51 + a. What are the prime factors of z?
3, 5
Let g = -1 - -5. Suppose g*x - 2*x - 2 = -3*n, 5*x = 3*n - 37. What are the prime factors of n?
2
What are the prime factors of ((-108)/(-42))/(2/42)?
2, 3
Let d(m) = 0*m - 2*m + 3*m + 2*m - 7. What are the prime factors of d(5)?
2
Let t(l) be the second derivative of -l**5/20 - l**4/6 + l**3/6 + l**2/2 - 2*l. List the prime factors of t(-3).
7
List the prime factors of 98/8 - (-3)/(-12).
2, 3
Suppose 8 = 3*t + 5*p, -1 + 17 = 4*t + 4*p. List the prime factors of t/21 + 164/14.
2, 3
List the prime factors of 28/(-42)*(-318)/4.
53
Suppose 4*q + 2*k - 648 = -3*k, -5*k = 3*q - 491. What are the prime factors of (-4 - q)*2/(-7)?
2, 23
Let a = 113 - -232. What are the prime factors of a?
3, 5, 23
Let c be ((-16)/(-6))/((-12)/(-18)). Suppose c*f + 46 = 118. What are the prime factors of f?
2, 3
Suppose 0 = 5*d - 35 + 170. Let z = d - -45. What are the prime factors of z?
2, 3
Suppose 5*w + 12 - 2 = 0. Let l = 3 - 2. List the prime factors of (0/l)/3 - w.
2
Suppose -3*f - z - z + 92 = 0, -5*z = -3*f + 127. What are the prime factors of f?
2, 17
Suppose 2*v - 186 = -v. Suppose -6*s = -4*s - v. What are the prime factors of s?
31
Let z be (-80)/(4 - 0) - -4. Let q = -7 - z. What are the prime factors of q?
3
Let d(x) = -x**2 + 2*x - 18. Let u(a) = -a**2 + 3*a - 17. Let i(s) = -3*d(s) + 2*u(s). What are the prime factors of i(0)?
2, 5
Let s = 16 - 6. Suppose -6 = -4*y + s. What are the prime factors of y?
2
Suppose 5*w - w = 8. Suppose w*i = 7 + 7. What are the prime factors of i?
7
Suppose 4*u - 1096 = 4*t, -2*t + 876 - 59 = 3*u. List the prime factors of u.
3, 7, 13
Suppose -4*r = q - 2*r - 119, -4*r - 206 = -2*q. What are the prime factors of q?
3, 37
Suppose h = 99 + 1. What are the prime factors of h?
2, 5
Let s be (1*-3)/(5/(-20)). What are the prime factors of (s/(-7))/(14/(-98))?
2, 3
Suppose -3*t - 2*t + 25 = 0. List the prime factors of t.
5
Let s be -2 - (3 - (3 + 0)). List the prime factors of s + 18 + 0/3.
2
What are the prime factors of (-12)/(-9)*(-99)/(-6)?
2, 11
Let d = 19 - 3. List the prime factors of d.
2
Let k(o) = 5*o**3 - 2*o + 1. Let g be k(1). Suppose -21 = 2*r - 5*a, -2*r - g*a - 3 + 27 = 0. Suppose 16 = r*m - 4. List the prime factors of m.
2, 5
Let w(p) = 6*p**2 + p - p. Let a be w(1). Suppose 5*n = 2*z + 38, -3*z = -a*n + 3*n + 30. List the prime factors of n.
2, 3
Let y = -24 - -12. Let h(p) = p**2 + 13*p + 10. Let c be h(y). List the prime factors of 0 - (-16 - (2 + c)).
2
List the prime factors of (-1000)/(-8) + 2*1 + 1.
2
Suppose 3*s - 28 = -0*s - 4*v, -2*v + 12 = s. List the prime factors of (-1 + -9)*s/(-1).
2, 5
Let c = -458 + 702. What are the prime factors of c?
2, 61
Let g(s) = 2*s**3 - 2*s + 1. Let z be g(1). Let n = 24 - z. List the prime factors of n.
23
Suppose 4*p = 2*p + 314. What are the prime factors of p?
157
Let w(a) be the first derivative of a**2/2 + 2*a - 2. Let q be w(5). Suppose 5*d - 3*l = 9, -5*d + 12 = 2*l - q. List the prime factors of d.
3
Let q(o) = 3*o - 1. Let g(a) = 6*a + 2. Let p be g(1). List the prime factors of q(p).
23
Let u(v) = v**3 - 15*v**2 + 2*v - 15. List the prime factors of u(15).
3, 5
Let s = -8 + 16. Suppose -s = 4*r + 4. Let p = -1 - r. List the prime factors of p.
2
Let w(j) = -j**3 + 22*j**2 - 15*j + 4. List the prime factors of w(21).
2, 5, 13
Suppose -5*a = -g + 2*g - 110, 4*g + 2*a = 422. List the prime factors of g.
3, 5, 7
Suppose -t - 3*c = 18 - 5, 26 = 3*t - 4*c. Let i be (-58)/(-3)*3/2. Suppose -i = -t*j + 1. What are the prime factors of j?
3, 5
What are the prime factors of 39 - (4 - (0 - 0))?
5, 7
Let b = -2 + 6. Suppose -b*w - w = -40. What are the prime factors of w?
2
Let i = -81 - -105. What are the prime factors of i?
2, 3
Let u = -14 - -14. Suppose 4*p - 29 - 11 = -4*c, -5*p = u. What are the prime factors of c?
2, 5
Let g(f) = f + 11. Let b be g(-8). Suppose 3*r = -b - 0, -2*i + 113 = -r. Suppose 4*s = -m - 10 + i, 2*m = -5*s + 56. What are the prime factors of s?
2, 3
Let t(k) = -13*k + 2. Let d(n) = 14*n - 2. Let w(q) = -5*d(q) - 6*t(q). What are the prime factors of w(3)?
2, 11
Suppose -3*k = 4*v - 13 - 4, 0 = 4*k + v - 27. What are the prime factors of k?
7
Suppose -2*b + 2*q + 190 = 0, -3*b + b - 2*q = -174. What are the prime factors of b?
7, 13
Let q(r) = r**3 + 10*r**2 - 12*r + 2. What are the prime factors of q(-11)?
13
Let o(j) = -j**2 - 7*j - 6. Let l(w) = -w**3 - 6*w**2 + 9*w + 9. Let q be l(-7). List the prime factors of o(q).
2
Let d(g) = -g**3 + 8*g**2 - 2*g - 1. Let z be d(6). Suppose 4*m - z = -5*h, -m + 0*m + 5*h - 4 = 0. List the prime factors of m.
11
Suppose -6*g + 285 = 15. Suppose 5*j = 5*a + g, 4*j - 2*a - 32 = 3*a. List the prime factors of j.
13
Let h(g) = -8*g + 9. What are the prime factors of h(-7)?
5, 13
Suppose -2*m + 50 - 4 = 0. Suppose -4*s = s + 4*c - 57, -2*s = -3*c - 32. Let p = m - s. List the prime factors of p.
2, 5
Let v = 2 - -3. Suppose 2*y - 5*j - 25 = 0, y = 4*j - 0*j + 14. Suppose -v*h + 55 = y. List the prime factors of h.
3
Let h be (-12)/(-7) - (-2)/7. Let a = -32 - -38. List the prime factors of 147/9 - h/a.
2
Let c = 83 + -59. What are the prime factors of c?
2, 3
Let x be 3*(0 - 1)*1. Let w = 15 - x. Let i = -6 + w. What are the prime factors of i?
2, 3
Suppose 3*z + 18 - 72 = 0. Let t = -8 - -14. What are the prime factors of (-4)/t + 102/z?
5
Let a(t) = -t**3 - 7*t**2 + t + 9. Let x be a(-7). What are the prime factors of 7 + (3 - x)*-3?
2
Let b = 249 - 148. List the prime factors of b.
101
Let r = -209 + 513. What are the prime factors of r?
2, 19
Suppose q - 5*q = -g + 20, 3*g = -12. Let k = q - -5. List the prime factors of 1/(((-2)/6)/k).
3
Let b(s) = -s - 15. Let d be b(0). Let y = -38 - d. Let w = 34 + y. List the prime factors of w.
11
Suppose 7*z = 4*z + 15. Suppose 0*l = -z*l + 205. Let j = -26 + l. List the prime factors of j.
3, 5
Suppose 0*j - j - 55 = -5*p, -3*j + 25 = 4*p. Suppose p + 10 = 5*f. What are the prime factors of f?
2
Let k(m) = -3*m**3 - 3*m**2 - 7*m + 5. Let s(h) = h**3 + 2*h**2 + 4*h - 3. Let a(v) = 4*k(v) + 7*s(v). What are the prime factors of a(-1)?
2, 3
Suppose -3*y + y = 3*j - 199, j - 66 = -y. List the prime factors of j.
67
Let u be (5/(-10))/(1/(-10)). Suppose -7*m + 2*d + 70 = -4*m, -u*m + 